{"id":1154,"date":"2017-02-17T15:52:51","date_gmt":"2017-02-17T15:52:51","guid":{"rendered":"http:\/\/aiic.pt\/?page_id=1154"},"modified":"2017-02-17T15:54:36","modified_gmt":"2017-02-17T15:54:36","slug":"fotos","status":"publish","type":"page","link":"https:\/\/aiic.pt\/index.php\/fotos\/","title":{"rendered":"Fotos e videos"},"content":{"rendered":"<p>[et_pb_section admin_label=&#8221;section&#8221; fullwidth=&#8221;off&#8221; specialty=&#8221;off&#8221; transparent_background=&#8221;off&#8221; background_color=&#8221;#b8c4e2&#8243; allow_player_pause=&#8221;off&#8221; inner_shadow=&#8221;off&#8221; parallax=&#8221;off&#8221; parallax_method=&#8221;off&#8221;][et_pb_row admin_label=&#8221;row&#8221;][et_pb_column type=&#8221;1_2&#8243;][et_pb_video_slider admin_label=&#8221;Video Slider&#8221; show_image_overlay=&#8221;hide&#8221; show_arrows=&#8221;on&#8221; show_thumbnails=&#8221;on&#8221; controls_color=&#8221;light&#8221;]<\/p>\n<p>[et_pb_video_slider_item admin_title=&#8221;IX Congresso AIC &#8211; Carlos Aguiar Gomes &#8221; src=&#8221;https:\/\/www.youtube.com\/watch?v=BH4Oe4e95DU&#8221; background_layout=&#8221;dark&#8221; \/][et_pb_video_slider_item admin_title=&#8221;IX Congresso AIC &#8211; C\u00f3nego Fernando Monteiro &#8221; src=&#8221;https:\/\/www.youtube.com\/watch?v=9gyo6W8jfBk&#8221; background_layout=&#8221;dark&#8221; \/][et_pb_video_slider_item admin_title=&#8221;IX Congresso AIC &#8211; C\u00f3nego Ant\u00f3nio Rego &#8221; src=&#8221;https:\/\/www.youtube.com\/watch?v=hlza8XKVpqM&#8221; background_layout=&#8221;dark&#8221; \/][et_pb_video_slider_item admin_title=&#8221;IX Congresso AIC &#8211; C\u00f3nego Jo\u00e3o Aguiar Campos &#8221; src=&#8221;https:\/\/www.youtube.com\/watch?v=FSRnGlClQOA&#8221; background_layout=&#8221;dark&#8221; \/][et_pb_video_slider_item admin_title=&#8221;IX Congresso AIC &#8211; D. Joaquim Viana &#8221; src=&#8221;https:\/\/www.youtube.com\/watch?v=RnI4elpEVuc&#8221; background_layout=&#8221;dark&#8221; \/][et_pb_video_slider_item admin_title=&#8221;IX Congresso AIC &#8211; D. Jorge Ortiga &#8221; src=&#8221;https:\/\/www.youtube.com\/watch?v=eT4jitT1u7Y&#8221; background_layout=&#8221;dark&#8221; \/][et_pb_video_slider_item admin_title=&#8221;IX Congresso AIC &#8211; 2\u00aa interven\u00e7\u00e3o C\u00f3nego Jo\u00e3o Aguiar Campos &#8221; src=&#8221;https:\/\/www.youtube.com\/watch?v=AcL4WYqkPyk&#8221; background_layout=&#8221;dark&#8221; \/][et_pb_video_slider_item admin_title=&#8221;IX Congresso AIC &#8211; D. Jo\u00e3o Lavrador &#8221; src=&#8221;https:\/\/www.youtube.com\/watch?v=UI5vTymgDJ0&#8243; background_layout=&#8221;dark&#8221; \/][et_pb_video_slider_item admin_title=&#8221;IX Congresso AIC &#8211; 2\u00aa interven\u00e7\u00e3o C\u00f3nego Fernando Monteiro &#8221; src=&#8221;https:\/\/www.youtube.com\/watch?v=7FHiApCVn5M&#8221; background_layout=&#8221;dark&#8221; \/][et_pb_video_slider_item admin_title=&#8221;IX Congresso AIC &#8211; Felisbela Lopes &#8221; src=&#8221;https:\/\/www.youtube.com\/watch?v=WOi-jWh2Y84&#8243; background_layout=&#8221;dark&#8221; \/][et_pb_video_slider_item admin_title=&#8221;IX Congresso AIC &#8211; C\u00f3nego Salvador Santos &#8221; src=&#8221;https:\/\/www.youtube.com\/watch?v=Y0ZwS1C-GY8&#8243; background_layout=&#8221;dark&#8221; \/][et_pb_video_slider_item admin_title=&#8221;IX Congresso AIC &#8211; Filipe Mota Pires&#8221; src=&#8221;https:\/\/www.youtube.com\/watch?v=xapSb8mCP3Y&#8221; background_layout=&#8221;dark&#8221; \/][et_pb_video_slider_item admin_title=&#8221;IX Congresso AIC &#8211; Padre Ant\u00f3nio Leite &#8221; src=&#8221;https:\/\/www.youtube.com\/watch?v=svT6a2Y8Ezc&#8221; background_layout=&#8221;dark&#8221; \/][et_pb_video_slider_item admin_title=&#8221;IX Congresso AIC &#8211; Padre Duarte da Cunha &#8221; src=&#8221;https:\/\/www.youtube.com\/watch?v=ZSl89e_FJw4&#8243; background_layout=&#8221;dark&#8221; \/][et_pb_video_slider_item admin_title=&#8221;IX Congresso AIC &#8211; Padre Jorge Guarda &#8221; src=&#8221;https:\/\/www.youtube.com\/watch?v=-2ZESUIq6zU&#8221; background_layout=&#8221;dark&#8221; \/][et_pb_video_slider_item admin_title=&#8221;IX Congresso AIC &#8211; Padre Tony Neves &#8221; src=&#8221;https:\/\/www.youtube.com\/watch?v=Ef0rgphiqVI&#8221; background_layout=&#8221;dark&#8221; \/][et_pb_video_slider_item admin_title=&#8221;IX Congresso AIC &#8211; Pedro Lomba &#8221; src=&#8221;https:\/\/www.youtube.com\/watch?v=yQs7xqRFJpk&#8221; background_layout=&#8221;dark&#8221; \/][et_pb_video_slider_item admin_title=&#8221;IX Congresso AIC &#8211; Leitura das conclus\u00f5es &#8221; src=&#8221;https:\/\/www.youtube.com\/watch?v=jyj7aGZPLU0&#8243; background_layout=&#8221;dark&#8221; \/]<\/p>\n<p>[\/et_pb_video_slider][\/et_pb_column][et_pb_column type=&#8221;1_2&#8243;][et_pb_gallery admin_label=&#8221;Gallery&#8221; fullwidth=&#8221;on&#8221; show_title_and_caption=&#8221;off&#8221; show_pagination=&#8221;on&#8221; background_layout=&#8221;light&#8221; gallery_ids=&#8221;89,90,91,92,93,94,95,96,97,98,99,100,101,102,103,104,105,106,107,108,109,110,111,112,113,114,115,116,117,118,119,120&#8243;]<\/p>\n<p>[\/et_pb_gallery][\/et_pb_column][\/et_pb_row][\/et_pb_section]<\/p>\n","protected":false},"excerpt":{"rendered":"","protected":false},"author":1,"featured_media":0,"parent":0,"menu_order":0,"comment_status":"closed","ping_status":"closed","template":"","meta":{"_et_pb_use_builder":"on","_et_pb_old_content":"","_et_gb_content_width":"","footnotes":""},"class_list":["post-1154","page","type-page","status-publish","hentry"],"_links":{"self":[{"href":"https:\/\/aiic.pt\/index.php\/wp-json\/wp\/v2\/pages\/1154","targetHints":{"allow":["GET"]}}],"collection":[{"href":"https:\/\/aiic.pt\/index.php\/wp-json\/wp\/v2\/pages"}],"about":[{"href":"https:\/\/aiic.pt\/index.php\/wp-json\/wp\/v2\/types\/page"}],"author":[{"embeddable":true,"href":"https:\/\/aiic.pt\/index.php\/wp-json\/wp\/v2\/users\/1"}],"replies":[{"embeddable":true,"href":"https:\/\/aiic.pt\/index.php\/wp-json\/wp\/v2\/comments?post=1154"}],"version-history":[{"count":2,"href":"https:\/\/aiic.pt\/index.php\/wp-json\/wp\/v2\/pages\/1154\/revisions"}],"predecessor-version":[{"id":1156,"href":"https:\/\/aiic.pt\/index.php\/wp-json\/wp\/v2\/pages\/1154\/revisions\/1156"}],"wp:attachment":[{"href":"https:\/\/aiic.pt\/index.php\/wp-json\/wp\/v2\/media?parent=1154"}],"curies":[{"name":"wp","href":"https:\/\/api.w.org\/{rel}","templated":true}]}}