{"id":164,"date":"2015-04-28T14:22:48","date_gmt":"2015-04-28T14:22:48","guid":{"rendered":"http:\/\/portal.ecclesia.pt\/aiic\/?page_id=164"},"modified":"2015-04-28T15:34:17","modified_gmt":"2015-04-28T15:34:17","slug":"contactos","status":"publish","type":"page","link":"https:\/\/aiic.pt\/index.php\/contactos\/","title":{"rendered":"Contactos"},"content":{"rendered":"<p>[et_pb_section][et_pb_row][et_pb_column type=&#8221;2_3&#8243;][et_pb_map admin_label=&#8221;Map&#8221; address=&#8221;Avenida Col\u00e9gio Militar 28, 1500-313 Lisboa, Portugal&#8221; zoom_level=&#8221;16&#8243; address_lat=&#8221;38.75176666383025&#8243; address_lng=&#8221;-9.189029408459415&#8243; mouse_wheel=&#8221;on&#8221;][et_pb_map_pin pin_address=&#8221;Avenida Col\u00e9gio Militar 28, 1500-313 Lisboa, Portugal&#8221; title=&#8221;AIIC&#8221; pin_address_lat=&#8221;38.7515384&#8243; pin_address_lng=&#8221;-9.189844799999946&#8243; \/][\/et_pb_map][\/et_pb_column][et_pb_column type=&#8221;1_3&#8243;][et_pb_text admin_label=&#8221;endere\u00e7o&#8221; background_layout=&#8221;light&#8221; text_orientation=&#8221;left&#8221;]<\/p>\n<p><b>AIC \u2013 Associa\u00e7\u00e3o de Imprensa de Inspira\u00e7\u00e3o Crist\u00e3: <\/b><b><br \/>\n<\/b>Av. do Col\u00e9gio Militar n\u00ba 28 \u2013 9\u00ba\u00a0Dto.<br \/>\n1500-185 LISBOA<br \/>\nTelef. e Fax : 217 165 392<br \/>\nEmail:<a href=\"http:\"><strong><span style=\"color: #000000;\">aic@sapo.pt<\/span><\/strong><\/a><span style=\"color: #000000;\">\u00a0\u00a0\/\/ <\/span><a href=\"http:\/\/www.aiic.pt\/\" target=\"_blank\"><strong>www.aiic.pt<\/strong><\/a><\/p>\n<p>[\/et_pb_text][\/et_pb_column][\/et_pb_row][\/et_pb_section]<\/p>\n","protected":false},"excerpt":{"rendered":"<p><div class=\"et_pb_section et_pb_section_0 et_section_regular\" >\n\t\t\t\t\n\t\t\t\t\n\t\t\t\t\n\t\t\t\t\n\t\t\t\t\n\t\t\t\t\n\t\t\t\t\n\t\t\t\t\n\t\t\t\t\n\t\t\t<\/div><div class=\"et_pb_row et_pb_row_0 et_pb_row_empty\">\n\t\t\t\t\n\t\t\t\t\n\t\t\t\t\n\t\t\t\t\n\t\t\t\t\n\t\t\t<\/div> AIC \u2013 Associa\u00e7\u00e3o de Imprensa de Inspira\u00e7\u00e3o Crist\u00e3: Av. do Col\u00e9gio Militar n\u00ba 28 \u2013 9\u00ba\u00a0Dto. 1500-185 LISBOA Telef. e Fax : 217 165 392 Email:aic@sapo.pt\u00a0\u00a0\/\/ www.aiic.pt<\/p>\n","protected":false},"author":1,"featured_media":0,"parent":0,"menu_order":0,"comment_status":"open","ping_status":"open","template":"","meta":{"_et_pb_use_builder":"on","_et_pb_old_content":"","_et_gb_content_width":"","footnotes":""},"class_list":["post-164","page","type-page","status-publish","hentry"],"_links":{"self":[{"href":"https:\/\/aiic.pt\/index.php\/wp-json\/wp\/v2\/pages\/164","targetHints":{"allow":["GET"]}}],"collection":[{"href":"https:\/\/aiic.pt\/index.php\/wp-json\/wp\/v2\/pages"}],"about":[{"href":"https:\/\/aiic.pt\/index.php\/wp-json\/wp\/v2\/types\/page"}],"author":[{"embeddable":true,"href":"https:\/\/aiic.pt\/index.php\/wp-json\/wp\/v2\/users\/1"}],"replies":[{"embeddable":true,"href":"https:\/\/aiic.pt\/index.php\/wp-json\/wp\/v2\/comments?post=164"}],"version-history":[{"count":2,"href":"https:\/\/aiic.pt\/index.php\/wp-json\/wp\/v2\/pages\/164\/revisions"}],"predecessor-version":[{"id":181,"href":"https:\/\/aiic.pt\/index.php\/wp-json\/wp\/v2\/pages\/164\/revisions\/181"}],"wp:attachment":[{"href":"https:\/\/aiic.pt\/index.php\/wp-json\/wp\/v2\/media?parent=164"}],"curies":[{"name":"wp","href":"https:\/\/api.w.org\/{rel}","templated":true}]}}